
26
100 (base 8) to base 16
40
What is 39 (base 16) in base 11?
52
What is -36 (base 13) in base 11?
-41
Convert 121 (base 3) to base 11.
15
Convert 12 (base 6) to base 9.
8
What is -141 (base 5) in base 15?
-31
Convert -10 (base 6) to base 4.
-12
Convert 1110 (base 3) to base 15.
29
What is 120 (base 5) in base 4?
203
What is -3 (base 13) in base 2?
-11
Convert -2 (base 10) to base 7.
-2
-17 (base 15) to base 13
-19
4 (base 9) to base 4
10
2041 (base 5) to base 16
10f
Convert 31 (base 4) to base 13.
10
What is -6 (base 9) in base 8?
-6
Convert 524 (base 6) to base 10.
196
37 (base 9) to base 6
54
Convert -131 (base 7) to base 5.
-241
Convert -3 (base 11) to base 2.
-11
Convert -16 (base 11) to base 3.
-122
-1000 (base 2) to base 8
-10
219 (base 12) to base 14
181
What is 26 (base 7) in base 14?
16
Convert -12 (base 6) to base 16.
-8
What is -3 (base 9) in base 15?
-3
10 (base 12) to base 13
c
-1 (base 14) to base 5
-1
34 (base 14) to base 3
1201
-3 (base 4) to base 2
-11
Convert -10 (base 8) to base 7.
-11
-14 (base 5) to base 11
-9
10111 (base 2) to base 4
113
Convert 27 (base 8) to base 16.
17
336 (base 9) to base 10
276
11 (base 4) to base 11
5
Convert 24 (base 11) to base 10.
26
11 (base 13) to base 10
14
Convert -17 (base 9) to base 16.
-10
What is -d4 (base 14) in base 7?
-354
Convert -11 (base 6) to base 9.
-7
Convert -1 (base 6) to base 7.
-1
3 (base 8) to base 4
3
What is -2 (base 8) in base 7?
-2
Convert 111 (base 5) to base 14.
23
What is 53 (base 16) in base 7?
146
What is 100 (base 2) in base 3?
11
Convert 10 (base 13) to base 10.
13
Convert -333 (base 5) to base 16.
-5d
Convert -110101 (base 2) to base 9.
-58
-34 (base 8) to base 3
-1001
-1301 (base 4) to base 14
-81
2 (base 11) to base 4
2
7 (base 8) to base 7
10
What is 3 (base 9) in base 13?
3
Convert 333 (base 5) to base 10.
93
What is 1 (base 16) in base 9?
1
Convert -1101 (base 2) to base 15.
-d
12 (base 3) to base 8
5
Convert -11 (base 7) to base 12.
-8
-3 (base 11) to base 12
-3
5 (base 14) to base 10
5
Convert 1 (base 16) to base 3.
1
c2 (base 14) to base 16
aa
Convert 1 (base 13) to base 11.
1
Convert 13 (base 4) to base 7.
10
Convert 8 (base 9) to base 2.
1000
-1100 (base 2) to base 8
-14
Convert 1 (base 3) to base 8.
1
145 (base 11) to base 9
208
Convert -3 (base 4) to base 16.
-3
Convert -1022 (base 3) to base 7.
-50
Convert 202 (base 7) to base 16.
64
What is 1c (base 15) in base 13?
21
Convert -c (base 16) to base 5.
-22
What is 54 (base 13) in base 16?
45
What is 13 (base 10) in base 8?
15
-113 (base 4) to base 13
-1a
Convert -a (base 11) to base 7.
-13
What is 100 (base 4) in base 11?
15
Convert 1 (base 4) to base 11.
1
21 (base 4) to base 5
14
Convert 10 (base 2) to base 9.
2
-545 (base 7) to base 13
-185
-3 (base 15) to base 5
-3
Convert -10 (base 5) to base 7.
-5
Convert -32 (base 12) to base 7.
-53
What is -4 (base 7) in base 16?
-4
Convert -10220 (base 3) to base 8.
-151
What is -46 (base 9) in base 11?
-39
Convert -2 (base 12) to base 3.
-2
What is 15 (base 6) in base 12?
b
Convert -10 (base 9) to base 11.
-9
21 (base 4) to base 15
9
Convert 12 (base 4) to base 16.
6
What is 2 (base 5) in base 14?
2
3 (base 14) to base 7
3
What is 145 (base 9) in base 13?
95
4 (base 12) to base 11
4
Convert -1000 (base 2) to base 12.
-8
Convert -8 (base 11) to base 7.
-11
1 (base 16) to base 15
1
Convert -6 (base 12) to base 2.
-110
-1 (base 15) to base 16
-1
-4 (base 9) to base 11
-4
What is 15 (base 8) in base 4?
31
Convert -11020 (base 3) to base 2.
-1110010
Convert -142 (base 8) to base 5.
-343
What is -102 (base 6) in base 15?
-28
Convert 2 (base 15) to base 5.
2
-15 (base 6) to base 2
-1011
What is 312 (base 10) in base 5?
2222
Convert 333 (base 4) to base 8.
77
184 (base 11) to base 16
d5
-20 (base 10) to base 15
-15
Convert 359 (base 10) to base 2.
101100111
What is -21 (base 16) in base 12?
-29
1 (base 15) to base 6
1
Convert 0 (base 13) to base 14.
0
Convert -23 (base 8) to base 6.
-31
What is 26 (base 15) in base 6?
100
Convert -3 (base 6) to base 15.
-3
33 (base 6) to base 9
23
What is 230 (base 9) in base 6?
513
What is b (base 16) in base 6?
15
What is -3 (base 9) in base 6?
-3
-11100 (base 2) to base 7
-40
-1 (base 16) to base 9
-1
Convert 1231 (base 5) to base 6.
515
Convert 0 (base 7) to base 2.
0
What is 1 (base 11) in base 14?
1
Convert -26 (base 12) to base 13.
-24
2 (base 10) to base 5
2
What is 4 (base 6) in base 3?
11
0 (base 5) to base 7
0
What is -3 (base 16) in base 15?
-3
10 (base 4) to base 12
4
Convert -110000 (base 2) to base 12.
-40
What is -202 (base 3) in base 13?
-17
What is 17 (base 12) in base 11?
18
What is -35 (base 14) in base 10?
-47
Convert 220 (base 4) to base 13.
31
Convert -1022 (base 5) to base 16.
-89
What is -72 (base 9) in base 7?
-122
12 (base 3) to base 10
5
1100 (base 2) to base 8
14
Convert -83 (base 16) to base 3.
-11212
What is -475 (base 8) in base 12?
-225
What is 21 (base 3) in base 16?
7
What is -8 (base 9) in base 12?
-8
What is 3 (base 12) in base 16?
3
Convert 1100 (base 2) to base 4.
30
What is 140 (base 11) in base 4?
2211
What is -2 (base 15) in base 4?
-2
2 (base 5) to base 14
2
-130 (base 4) to base 10
-28
28 (base 15) to base 3
1102
Convert -27 (base 12) to base 6.
-51
0 (base 15) to base 8
0
-11000 (base 2) to base 10
-24
3 (base 14) to base 10
3
7 (base 14) to base 7
10
What is -433 (base 5) in base 15?
-7d
-114 (base 5) to base 12
-2a
What is 4 (base 10) in base 16?
4
Convert -135 (base 6) to base 13.
-47
Convert a (base 16) to base 14.
a
What is 21 (base 14) in base 9?
32
What is -7 (base 13) in base 4?
-13
What is -94 (base 10) in base 7?
-163
What is 48 (base 16) in base 6?
200
Convert 14 (base 13) to base 4.
101
What is -3 (base 5) in base 11?
-3
Convert 113 (base 9) to base 3.
10110
What is -1101011 (base 2) in base 8?
-153
-71 (base 8) to base 4
-321
Convert 122 (base 4) to base 9.
28
Convert -50 (base 8) to base 12.
-34
Convert 11 (base 5) to base 15.
6
Convert -10312 (base 4) to base 12.
-21a
What is 15 (base 13) in base 3?
200
Convert 138 (base 9) to base 5.
431
What is -37 (base 14) in base 16?
-31
What is 51 (base 15) in base 6?
204
-1 (base 3) to base 11
-1
-35 (base 14) to base 2
-101111
What is -1001110 (base 2) in base 11?
-71
Convert -22 (base 7) to base 12.
-14
Convert -5 (base 15) to base 10.
-5
-4 (base 15) to base 13
-4
Convert -33 (base 11) to base 15.
-26
What is -2 (base 15) in base 14?
-2
Convert -124 (base 6) to base 11.
-48
What is 2 (base 12) in base 7?
2
Convert 613 (base 7) to base 8.
460
Convert -4 (base 11) to base 14.
-4
0 (base 15) to base 9
0
Convert b (base 15) to base 7.
14
What is -11 (base 8) in base 15?
-9
Convert 3 (base 9) to base 5.
3
What is -141 (base 5) in base 12?
-3a
What is 20 (base 5) in base 7?
13
Convert 3 (base 14) to base 6.
3
What is -10 (base 2) in base 3?
-2
What is -49 (base 16) in base 9?
-81
-20 (base 11) to base 2
-10110
What is 321 (base 4) in base 9?
63
Convert 1100 (base 2) to base 14.
c
What is -30 (base 6) in base 10?
-18
20 (base 7) to base 13
11
Convert -7b (base 12) to base 4.
-1133
144 (base 6) to base 11
59
What is -4 (base 8) in base 7?
-4
Convert 5 (base 10) to base 4.
11
-2 (base 4) to base 2
-10
-2 (base 4) to base 15
-2
What is 3 (base 10) in base 6?
3
What is 2 (base 9) in base 8?
2
What is 325 (base 7) in base 14?
bc
What is 4 (base 9) in base 4?
10
-10 (base 12) to base 15
-c
Convert 204 (base 10) to base 7.
411
What is 4 (base 5) in base 6?
4
What is 25 (base 7) in base 16?
13
What is 0 (base 16) in base 15?
0
Convert 100 (base 6) to base 4.
210
-1010 (base 2) to base 9
-11
Convert -14 (base 12) to base 14.
-12
Convert 76 (base 15) to base 2.
1101111
Convert 3 (base 8) to base 15.
3
What is -1012 (base 5) in base 3?
-11220
-2 (base 4) to base 13
-2
-10 (base 9) to base 6
-13
What is 72 (base 9) in base 2?
1000001
154 (base 14) to base 8
416
-2040 (base 5) to base 3
-101000
Convert -100 (base 2) to base 10.
-4
Convert -101 (base 2) to base 6.
-5
Convert 2 (base 7) to base 2.
10
Convert 132 (base 5) to base 9.
46
Convert 10 (base 13) to base 10.
13
Convert 3 (base 4) to base 3.
10
What is 0 (base 16) in base 8?
0
-40 (base 5) to base 16
-14
What is -b (base 13) in base 11?
-10
What is 10 (base 2) in base 15?
2
Convert -1 (b